 the highest common factor of 3 and d?
1
Let q(t) = t**3 - 23*t**2 - 37*t - 73. Let m be q(25). What is the highest common factor of m and 56?
28
Suppose 0 = 2*x + c - 1711, 0 = -3*x + c + 3*c + 2572. Calculate the greatest common factor of 107 and x.
107
Suppose -5*j = 4*j - 7803. What is the greatest common divisor of j and 51?
51
Let r be (-13)/(-4) - 3/(-4). Suppose 10*s + 1158 = 1438. Calculate the greatest common divisor of r and s.
4
Suppose 24*r + 540 = 51*r. Calculate the greatest common divisor of r and 740.
20
Let o be 130/(-104) + (-114)/(-8). What is the greatest common factor of 65 and o?
13
Let n be 9/(-15) - (4 - 8406/10). Let v be (n/(-16))/(3/(-11 + -1)). What is the greatest common factor of 11 and v?
11
Let i(n) = 78*n - 2 + 0 - 22*n + 67*n. Let a be 3*(-3)/(-9)*1. Let r be i(a). Calculate the greatest common factor of 11 and r.
11
Let d = 28 - 30. Let b be ((-1134)/(-35))/(d/(-5)). Calculate the highest common factor of b and 9.
9
Let t(s) = -7*s**2 - 23*s - 68. Let r(y) = -4*y**2 - 11*y - 34. Let m(x) = -5*r(x) + 3*t(x). Let b be m(-6). What is the highest common factor of 35 and b?
7
Suppose 2*z = -x + 11, 4*x + 9 = -2*z + 53. Suppose -y + 6*t + 13 = 2*t, y + 3*t = -8. Calculate the greatest common factor of y and x.
1
Suppose 3*y + 4 = 10. Suppose y*g = 4*x - 112, 5*g + 142 + 3 = 5*x. Calculate the greatest common factor of x and 108.
27
Suppose 1048 - 3544 = -32*u. Let p = 289 - 94. What is the greatest common divisor of p and u?
39
Suppose -25*v + 215 = -135. What is the highest common divisor of 238 and v?
14
Suppose 4*k = 8*k. Suppose -4*u + 16 + 0 = k. Suppose -4*r = 3*y + y - 68, y = u*r - 43. Calculate the greatest common divisor of r and 12.
12
Suppose 8*g - 27*g + 513 = 0. What is the greatest common divisor of g and 117?
9
Let q = 185 + -184. Let x be 1/3 + -1 - (-41)/3. Calculate the highest common divisor of q and x.
1
Let t(o) = 28*o + 191. Let c be t(-5). Suppose -68 = -3*g + g. Calculate the greatest common factor of g and c.
17
Let j be (-4)/38 - 195538/(-266). What is the greatest common divisor of 15 and j?
15
Suppose 0 = -3*m - 6 - 18. Let n = m + 15. Calculate the highest common divisor of n and 77.
7
Let r = -54 + 78. Let n be 11433/206 - ((-1)/(-2) - 1). Calculate the greatest common divisor of r and n.
8
Let o(y) = 29*y + 4. Let g(z) = -2320*z - 319. Let r(a) = 4*g(a) + 319*o(a). Let f be r(-8). What is the highest common factor of 29 and f?
29
Let p(n) = n**2 + 34*n - 204. Let c be p(-40). What is the highest common factor of 198 and c?
18
Suppose 2*g = -4*m + 6 + 16, 5*m - 2*g - 14 = 0. What is the highest common factor of 524 and m?
4
Suppose 2*k + 3*q = 22, 45*k = 44*k - 3*q + 8. What is the highest common divisor of k and 784?
14
Suppose -5*p + 5*v + 25 = 0, 0 = -p - v + 9 + 6. Calculate the greatest common factor of 610 and p.
10
Let q = 59 - 56. Suppose -q*w + 273 = -3*b, -9 + 100 = w + 4*b. Let l(v) = -8*v - 3. Let j be l(-2). Calculate the greatest common divisor of j and w.
13
Let r be ((-30)/(-50))/(2/10). What is the highest common divisor of r and 33?
3
Let b be (-6 - -4) + 4*4. Let t(l) = 5*l**3 - l**2 - 2*l + 6. Let u be t(3). What is the greatest common divisor of u and b?
14
Suppose 4*t = -3*t + 196. Suppose -2*b + 6*b = 8. What is the greatest common divisor of t and b?
2
Let o(j) = 2*j**2 + 91*j + 53. Let r be o(-46). Let a = -13 - -24. Calculate the highest common factor of r and a.
11
Let u(r) = r**3 + 5*r**2 + 4*r + 2. Let i be u(-4). Suppose 9 = -i*f + 191. What is the greatest common divisor of f and 7?
7
Let s = 62 + 68. Suppose -5*x - 5*i + 110 = 0, 0*i - 2*i = x - 18. What is the highest common divisor of s and x?
26
Let p be (7/((-14)/(-88)))/2. Suppose -n + 74 = 5*c, n + n = -c + p. Let t be 42/(-4)*(-2 - (-24)/(-18)). What is the highest common divisor of c and t?
7
Suppose h = r + 4, -10 = -4*r - h - 1. What is the highest common factor of 78 and r?
1
Suppose -4*g + 2*g + 5*s + 149 = 0, 2*s = g - 74. Let m = 306 + -298. Calculate the highest common factor of g and m.
8
Suppose -5*r = -2*z - z + 34, 0 = 5*z + 3*r. Suppose 4 - 4 = -4*s. Suppose s = -d + z + 7. What is the greatest common factor of d and 20?
10
Let f(t) = -4*t - 13*t + 5*t. Suppose 5*h + 13 = 4*r, -h + r - 6 = 3*h. Let u be f(h). What is the highest common divisor of u and 132?
12
Suppose -159 = -4*q + q. Suppose 3*a - 2*s = 42 - 4, 3*a + s = q. Let d = -371 - -411. What is the greatest common divisor of d and a?
8
Let w(h) = -h + 1. Let o be w(-2). Let z be 4/10*(-1 - -6). What is the highest common factor of z and o?
1
Suppose a = 3*b + 5, 5*a = 3*b + 8 + 5. Let l be ((-8)/6)/(a/(-69)). Calculate the highest common factor of 69 and l.
23
Let x = 72 - 40. What is the greatest common factor of x and 128?
32
Let g = 111 + -109. Calculate the highest common factor of g and 38.
2
Let f = -418 + 442. What is the highest common divisor of 136 and f?
8
Suppose 5*d + 0*s + 20 = s, -4*d + 5*s - 37 = 0. Let y be 72/(-32)*16/d. Let g be (-1)/((y/3)/(-72)). What is the greatest common divisor of g and 9?
9
Suppose -15*m - 630 = -22*m. What is the greatest common divisor of 144 and m?
18
Suppose 0 = 4*i + 4*q - 296, 5*q - 233 = -3*i - 3. Let o(n) = 12*n**2 - 20*n + 18. Let x be o(1). What is the highest common factor of i and x?
10
Let g be (-1)/(-2 + (-75)/(-38)). Suppose 3*l + 5*f - 72 = 0, 0 = l - 0*f + 4*f - 31. Calculate the greatest common divisor of l and g.
19
Let a = 17 - 96. Let g = 81 + a. What is the highest common factor of g and 18?
2
Let z(y) = -2*y. Let d be z(-9). Let b = d - 13. What is the greatest common factor of 45 and b?
5
Let x = -87 + 93. Let d(n) = n**2 - 3*n + 5. Let v be d(5). What is the highest common divisor of v and x?
3
Let d be ((-26)/(-6))/(16/1104). Calculate the highest common factor of d and 13.
13
Suppose -164*z = -169*z + 2835. What is the highest common divisor of z and 42?
21
Suppose 0 = 2*x + 3*i - 102, 4*i = -45*x + 40*x + 241. What is the highest common factor of 75 and x?
15
Let i(r) = -3*r - 9. Let o be i(-7). Let k be (-118)/(-8) + 3/o. Let x(p) = 120*p - 15. Let q be x(1). What is the highest common divisor of q and k?
15
Let u(p) = 3*p**3 + 2*p**2 - 10*p + 11. Let l be u(3). What is the greatest common factor of 10 and l?
10
Let q be (3*1)/((-24)/(-32)). Suppose 315 = q*i + i. What is the greatest common divisor of i and 7?
7
Let p be (-1)/6 - 498/36. Let b be ((-40)/p)/(14/98). What is the highest common divisor of 2 and b?
2
Let i be 2*6/3 - -1. Let f be (-14 - -13)/((-1)/5). What is the greatest common factor of i and f?
5
Suppose -5*d + 3*d = 0, 158 = s - 4*d. Let a = s + -94. Calculate the highest common factor of a and 8.
8
Let g be 5/20 + (-1797)/(-12). Calculate the greatest common factor of g and 120.
30
Let f(i) = i**3 - 11*i**2 + 6*i + 11. Let d be f(11). What is the highest common factor of d and 11?
11
Let i be (34/2 - 14) + (-1 - -7). What is the highest common divisor of i and 441?
9
Suppose 3*u + 3*d - 86 = 40, 3*d + 79 = 2*u. Let s = u - 35. Calculate the highest common factor of s and 6.
6
Suppose -10*l = -9*l - 15. Suppose 5 - 1 = -t. Let w be (-8)/(-1) - (2 + t). What is the greatest common factor of l and w?
5
Let p = -67 + 46. Let c = -20 - p. Calculate the greatest common factor of 4 and c.
1
Let f = -8 - -18. Suppose 2*m = 4 + f. Suppose -5*w - 45 = -360. Calculate the highest common factor of m and w.
7
Let q be (-261)/(8/(80/(-10))). What is the greatest common divisor of 87 and q?
87
Let f = -2 - -16. Let g be (-1)/((-15)/(-6))*-20. Let i be 14*4/g*2. Calculate the greatest common factor of f and i.
14
Let r = 101 + -96. Suppose 0 = 2*n + 3*w - 44, -r*w = 3*n - n - 48. Let u = 38 + -19. What is the highest common divisor of n and u?
19
Let n be 1/(((-1)/(-1))/14). Let t = 977 - 970. Calculate the greatest common divisor of n and t.
7
Let w(f) = -13*f + 44. Let j be w(-9). Calculate the highest common divisor of j and 14.
7
Let g = 77 + -77. Suppose g = -k + 2, 2*y - 3*k = -5*k + 100. Calculate the highest common factor of 64 and y.
16
Let i = 7 + -13. Let t = 34 + i. Calculate the highest common divisor of 4 and t.
4
Suppose -i - 4*m = -5*i - 36, -36 = 4*i - 3*m. Let j be (2/(-4))/(i/270). Let u be (j/(-2))/(2/(-4)). Calculate the hig